 - 3*q**c - q**3 - 3. What is w(-2)?
-3
Let v = 123 - 116. Let u(k) = -k**3 + 8*k**2 - 4*k - 3. Determine u(v).
18
Suppose -19 = 3*o + 4*l, o + 0*o = -2*l - 7. Let h = 0 - -1. Let k(b) = h - b + b - b + 2*b. What is k(o)?
-4
Let r(c) be the first derivative of -c + 7/3*c**3 + 7 + 0*c**2. Determine r(-1).
6
Suppose -5*f + 1 = -3*s, -3*s + 2*f + 11 = 2*s. Suppose 0*d - s*d = -12. Let j(l) = l - 2. Give j(d).
2
Let r(l) = -l - l - 6*l**2 - 2*l + 3*l. Calculate r(1).
-7
Let k be -1*(0 - 4 - 1). Let f(h) = h + 6. Give f(k).
11
Let q = 7 - 11. Let k(u) = -u**2 + 1 - u - 5*u - 3. Determine k(q).
6
Let i(u) = 2*u - 7. Suppose -2*y + 8 = -2. Calculate i(y).
3
Let l(g) be the second derivative of g**4/12 + 3*g**3/2 + 3*g**2/2 + 22*g - 1. Calculate l(-6).
-15
Let y(x) = -x - 3. Let p(o) = 4*o + 9. Let f(n) = 6*p(n) + 17*y(n). What is f(-4)?
-25
Suppose 0 = 10*l + 9 - 39. Let h(m) = m**3 - m**2 - m + 1. Let p(d) = 4*d**3 - 3*d**2 - 7*d + 7. Let a(c) = 5*h(c) - p(c). Calculate a(l).
13
Let s = 4 - -1. Let b(l) be the third derivative of -l**4/24 + 3*l**3/2 - 8*l**2. Calculate b(s).
4
Let b(v) be the second derivative of -v**3/6 - v. Suppose -16 = -3*o - 4*h, o - 5*o - 12 = -3*h. What is b(o)?
0
Let x(s) = -2*s**3 + s**2 - 1. Suppose -5*n = 5 - 10. What is x(n)?
-2
Let j(l) = 2*l - 1. Suppose -5 = -2*a + b, 4*b = -21 + 9. Determine j(a).
1
Let w(z) = z**2 - 2*z + 2. Let q be (-16)/(-28) - (-130)/(-7). Let m = -16 - q. What is w(m)?
2
Let z(l) = 2*l**3 + 5*l**2 - l + 4. Let k(u) = -8*u**2 + 3*u**3 + 2 + 18*u**2 - 2*u + 7. Let v(w) = 3*k(w) - 5*z(w). What is v(5)?
2
Let o be (-3)/6*(-17 + 1). Suppose -o = 4*p + 12. Let y(m) = -7*m**2 - 4*m + 7. Let d(q) = q**2 - 1. Let l(g) = -6*d(g) - y(g). What is l(p)?
4
Let d(x) = 5*x - 9. Let y(j) = 2*j - 4. Let f(s) = 3*d(s) - 7*y(s). Suppose -3*i = -2*i + 4. Calculate f(i).
-3
Let q(g) = -4*g + 3*g - 31 + 41. Give q(5).
5
Let b(l) = l**2 - 2*l - 5. Let c be b(4). Suppose 2*t + c = 13. Let w(y) = -y - 2. Determine w(t).
-7
Suppose -2*i = 2*i - 4*d - 8, 0 = -2*i + 3*d + 4. Let q(z) = 0*z**3 + 2*z**3 - 3 + 3*z**2 + 6*z - 3*z**3 - i. Calculate q(4).
3
Let v = 17 - 16. Let t(r) = -14*r**2 + 2*r - 1. Give t(v).
-13
Let j(a) = -a**3 - a**2 + 8. Let v = -4 - -4. Give j(v).
8
Suppose 0 = 7*z - 4*z. Let x(l) be the second derivative of l**4/12 + l**3/6 - 11*l**2/2 + l. Determine x(z).
-11
Let s be (-9)/2*-4*6/(-36). Let o(v) = -3*v + 1 - v**2 + v - v**2. What is o(s)?
-11
Let y(m) be the third derivative of m**4/24 + m**3/6 + m**2 + 15. Calculate y(3).
4
Let l(p) = 3*p**2 + 5*p + 12. Let b(n) = n**2 + 2*n + 4. Let f(k) = 7*b(k) - 2*l(k). Let i(x) be the first derivative of f(x). What is i(3)?
10
Let i(a) = 4*a**3 - 7*a**2 - 6*a - 6. Let o(k) = 3*k**3 - 6*k**2 - 6*k - 6. Let u(p) = 2*i(p) - 3*o(p). Let t = 13 + -8. Determine u(t).
11
Let p(w) = w**3 + w**2 + 1. Let f(x) = -x**2 - 7*x - 7. Let c be f(-6). What is p(c)?
1
Let j = 1 - -2. Suppose -j*k - 1 = 2*w, -4*w + k + 13 = 2*k. Suppose 6 = w*g - 2. Let r(l) = -3*l + 2. Give r(g).
-4
Let r(p) = p - 1. Let w(d) = -9*d - 1. Let c(f) = -5*r(f) - w(f). What is c(-5)?
-14
Suppose -5*n - 1 - 29 = 0. Let m(d) = -d**3 - 7*d**2 - 4*d + 1. What is m(n)?
-11
Let h(i) be the first derivative of -i**4/12 - i**3/6 + i**2/2 + i + 6. Let g(c) be the first derivative of h(c). What is g(0)?
1
Let y = -21 - -42. Let f be (-14)/y - (-11)/3. Let m(j) = j**3 - 5*j**2 + 5*j - 3. Calculate m(f).
-6
Let w(h) be the first derivative of h**2/2 + h + 8. Let u(s) = s**3 - 3*s**2 - 2*s - 5. Let z be u(4). Give w(z).
4
Let x(y) be the third derivative of -y**4/6 - y**3/2 - 2*y**2. Determine x(-4).
13
Let n(z) = -2*z**2 + z - 1. Suppose 8 + 8 = 4*f. Suppose 7*h = 3*h + f. Calculate n(h).
-2
Let s(f) = -2*f - 18. Let g be s(-11). Suppose 2*d + 0 + g = p, -5*p + 20 = 5*d. Let t(c) = 4 - 7*c + c + c**2 - 1. Determine t(p).
-5
Let b(j) = -j - 1. Let i(r) = r**2 + 12*r + 2. Let o(v) = -6*b(v) - i(v). What is o(-5)?
9
Let n(g) = -2*g - 3. Let t be n(-3). Let d(r) = -4*r + 2 + t - 1. Suppose 4*q - 4 = -4*a, -7*a - 3*q = -3*a - 6. Give d(a).
-8
Let k(v) = -62*v + 61*v + 0 - 4. Let j = -13 + 6. Let z = -10 - j. Calculate k(z).
-1
Let s(v) = 4*v + 7. Let k = 36 + -42. Calculate s(k).
-17
Let q(p) = p**2 + 2*p + 2. Suppose 7*m + 16 - 2 = 0. Determine q(m).
2
Let u(w) = -w + 12. Let v(o) be the first derivative of -o**4/4 - o**3 + 5*o**2/2 + 5*o - 2. Let c be v(-4). Let j be (c - -14)*2/6. Calculate u(j).
7
Let g = 4 + -1. Let o(i) = -2*i + 7*i**2 - 5*i**2 + 2*i**2 - 2*i**g. Calculate o(2).
-4
Let j(v) be the first derivative of 2*v**3/3 + 2*v**2 - 3*v - 3. Let t(z) = -z + 8. Let p be t(6). Suppose 3*k = 2*l - p*k + 8, 5*l + 20 = 2*k. Determine j(l).
13
Let y(s) = 2*s**3 - s**2 + s. Suppose 3*p - 8 = 1. Let h be (-3 + 2)*(-4 + p). Determine y(h).
2
Suppose j = -4, 6 = n - j - 4. Let b(k) = k. Let t(u) = 5*u - 2. Let y(r) = 6*b(r) - t(r). Determine y(n).
8
Suppose 7 = 4*m - 1. Let l(k) = -k + 1. Let p(q) = 4*q + 19. Let r(b) = -3*l(b) - p(b). Let v(i) = 7. Let j(o) = m*r(o) + 7*v(o). What is j(4)?
-3
Let l(g) = g - 1. Let r be l(-1). Let c(z) be the second derivative of 1/6*z**3 + 3*z + 0 + z**2. What is c(r)?
0
Let s(d) = -3*d**3 - d**2. Let a(x) = -x**3 - x**2 + x + 2. Let h be a(0). Let k be (3 - h)*(-1)/(-1). Calculate s(k).
-4
Let a(j) = 2*j - 1. Let h(x) = -3*x + 1. Let n(g) = -5*a(g) - 4*h(g). Determine n(5).
11
Let z(j) = j**2 - 2*j - 3. Suppose 5*b + 12 = 2*b. Let r = -6 - b. Calculate z(r).
5
Let t(h) = 4*h**2 - h + 1. Suppose 4*s + 8 = 20. Suppose 0 = -5*f - 5*u, -3*f + 8*f + 3*u - 8 = 0. Let r = f - s. Give t(r).
4
Suppose b - 6 = -2*x + 4*x, -5*x = b + 29. Let s = b + 6. Let i(l) = 9*l + l**s + 2 - 11*l - 3. What is i(-1)?
2
Let o(x) = 5*x - 1. Let b(z) = z. Let j(k) = -4*b(k) + o(k). Give j(6).
5
Let w(k) = 2*k**2 + 3*k - 11*k + 8 + 2 - 3*k**2. Let f be w(-8). Let d(n) = -n**2 + 11*n - 4. Let l be d(f). Let z(y) = -y + 2. Determine z(l).
-4
Let c(i) = i**2 - 6. Let v = 10 + -7. Suppose k + v = 2*k. Let t be -1 + -1*(2 - k). Determine c(t).
-6
Let h(g) = g**2 - 2*g + 3. Suppose -1 = -2*b + 1, -5*b = 2*l - 9. Suppose 4 = l*t - 2. Calculate h(t).
6
Let q(n) = 2 - 9*n**2 + 4*n + 11*n**2 + 0*n. Determine q(-3).
8
Let s(y) be the first derivative of y**4/4 - y**3/3 - y**2/2 + y - 5. Determine s(0).
1
Let l(q) = q**2 - q + 1. Let d(s) = 3*s**2 - 8*s + 8. Let h(g) = d(g) - 2*l(g). Let m be 24/(-18)*18/(-4). Calculate h(m).
6
Suppose 2*f + 2*f = 0. Let s(a) = 3 + a**2 + 0*a**2 + f*a + a. Let t(b) = -b - 3. Let n be t(0). Give s(n).
9
Let f(y) be the first derivative of -y**6/120 + y**5/12 - y**4/6 + y**3/2 + 4*y**2 - 6. Let z(h) be the second derivative of f(h). Calculate z(3).
9
Let i = -8 - -13. Let m = -3 + i. Let d(a) = -a - 5*a + 0*a - a**m - 6. Calculate d(-5).
-1
Let o(f) = 2*f - 7. Let p be (-5 + 42/9)/(1/(-18)). Give o(p).
5
Let y(j) = -j**3 + 2*j**2 + j - 3. Let v be ((-12)/10)/(-1)*-5. Let t(a) = -a - 3. Let n be t(v). Determine y(n).
-9
Let m(j) = -j**2 + 6*j + 7. Let h be m(7). Let d(g) = g**3 + g - 11. What is d(h)?
-11
Let u(k) be the second derivative of k**3/3 - k**2/2 - 11*k. Calculate u(-4).
-9
Let j(l) be the second derivative of -l**6/360 + l**5/30 - l**4/6 - 5*l**3/6 + 5*l. Let r(y) be the second derivative of j(y). Determine r(5).
-9
Suppose -3*u - 1 = -2*u. Let b(d) = 4*d**3 - 2*d**2 + d - 3. Let h(f) = f**3 + f**2 + 1. Suppose -3*g + 7*g - 12 = 0. Let q(c) = g*h(c) + b(c). Give q(u).
-7
Let v be (2/2)/((-4)/(-20)). Let o(x) = -v*x**2 + x + x**3 - 5 + 3 - 5 + 5. Let l be (5/2)/(1/2). Give o(l).
3
Let n = -1 + 3. Let l be (3 - 2)*4/n. Let r(k) = -3*k + 1. Give r(l).
-5
Let q(p) = -1. Let x(t) = 3*t**2 + t + 6. Let d(j) = 6*q(j) + x(j). Calculate d(1).
4
Let d(j) = 2*j - 1. Let n(w) = -w**2 - 7*w - 4. Let r be n(-4). Let h(s) = -s**2 + 8*s - 4. Let t be h(r). Calculate d(t).
-9
Suppose 3*d + 5*c - 42 = 0, 0*d + 3*c = d - 14. Let b be 1/3 - d/6. Let m(f) be the first derivative of f**3/3 + 5*f**2/2 + f + 3. Calculate m(b).
-5
Let h(w) = w**2 - 7*w + 6. Let z be h(4). Let r(p) = -p**2 - 7*p + 6. What is r(z)?
12
Let h(w) be the first derivative of -3*w**2/2 + 2*w + 8. Calculate h(-3).
11
Let f(o) = -o**2 - 10*o - 2. Let j(n) = n**2 + 11*n + 1. Let c(k) = -4*f(k) - 3*j(k). What is c(-4)?
-7
Let